*m - 22, -4*k = -3*m - 40. What is the remainder when o is divided by k?
4
Let z = -8 - 22. Let t = -17 - z. Calculate the remainder when 51 is divided by t.
12
What is the remainder when -1*2/((-2)/55) is divided by 15?
10
Let s(h) = -26*h**2 - 1. Let a be s(-1). Let r = -20 - a. What is the remainder when r is divided by 5?
2
Suppose -3*y + 30 = -2*y. What is the remainder when y is divided by 8?
6
Calculate the remainder when 50 is divided by (-21)/(-49) + 176/14.
11
Let f(i) = -i**2 + 15*i - 7. Calculate the remainder when f(10) is divided by (-3)/12 + (-90)/(-8).
10
Suppose -4*a = d + 8, 0 = -5*d - 2*a + 5*a + 75. Suppose 2*b + b = d. Let i(o) = o**2 + o - 1. Calculate the remainder when i(-4) is divided by b.
3
Let c(y) = -9*y**3 - y**2 + y. Calculate the remainder when 53 is divided by c(-1).
4
Suppose d + 3 = -3. What is the remainder when d*(3/(-6) + 0) is divided by 1?
0
Let k = 5 - 3. Let l(u) = -3*u - 2. Calculate the remainder when k - (-24 - (-1 - -3)) is divided by l(-4).
8
Let l = 164 + -87. Calculate the remainder when l is divided by 40.
37
Let w = -3 + 9. Suppose t - 2 = w*t + 4*q, 0 = -2*q - 6. Let l = 0 - -5. What is the remainder when l is divided by t?
1
Suppose 0*u = -5*u - 5*x - 80, -3*x - 3 = 0. Let j = u + 62. Suppose -5*s = -2*c + 4*c - 7, -4*c = 4*s - 44. What is the remainder when j is divided by c?
15
Let z be 2/3 - (-10)/3. Calculate the remainder when (-10)/(z*(-1)/6) is divided by 8.
7
Suppose -64 = -4*l + 6*q - 2*q, 2*q = -5*l + 52. What is the remainder when 35 is divided by l?
11
Suppose 0 = 3*d - 5*d + 40. What is the remainder when 57 is divided by d?
17
Let i = 63 + -47. Calculate the remainder when 45 is divided by i.
13
Let t = 37 - 19. What is the remainder when t is divided by (-4)/8 - 105/(-10)?
8
Suppose -12 = -b - 3*y, 4*b + y - 80 = 5*y. Suppose -2*p = -p - 20. What is the remainder when b is divided by (6/(-4))/((-3)/p)?
8
Suppose -7*j + 2*j = -15. Calculate the remainder when ((-1)/j)/(19/(-1881)) is divided by 7.
5
Let i = 64 + -13. Calculate the remainder when i is divided by 26.
25
Let p(j) = 13*j**3 - 2*j**2 - j + 2. Calculate the remainder when 23 is divided by p(1).
11
Suppose 0 = -4*a - m + 70, 6*m - 61 = -3*a + m. What is the remainder when 67 is divided by a?
16
Suppose 31 = -5*k + 4*g, -5*g = -5*k - 0*k - 35. Let r be (0/k)/(-2 + 3). Calculate the remainder when r + (-4)/(-6)*3 is divided by 2.
0
Suppose -92 = -3*p - 14. Suppose -5*i - 4*s + 70 = -3*i, -5*s = -i + 7. Suppose 5*k = i + 18. What is the remainder when p is divided by k?
8
Suppose 6 = -w + f - 3*f, 0 = 3*w + 2*f - 2. Suppose 3*d + a - 57 = w*a, -17 = -d + 2*a. Suppose t + t = 22. What is the remainder when d is divided by t?
10
Let c = 28 + -20. Suppose -80 = -2*y - 4*z, y + 4*z = -3*y + 140. What is the remainder when y is divided by c?
6
Suppose -10 - 6 = 4*i. Let z(m) = 2*m**2 - 4. Let a be z(i). Calculate the remainder when 45 is divided by ((-72)/a)/((-3)/14).
9
Let s(i) = i**3 + 39. Let q be s(0). Suppose 0 = -p + 14 + q. What is the remainder when p is divided by 19?
15
Let r be (-2 + 2 - 0)/3. Suppose -p - p + 46 = r. Calculate the remainder when p is divided by 8.
7
Suppose -12 = -2*i + 4*w, w = -3*i - 3*w + 38. What is the remainder when 19 is divided by i?
9
Suppose -2*z = 5*u - 23, 4*z - u - 53 = -18. Let k = -24 + 50. Calculate the remainder when k is divided by z.
8
Let n(b) = b**2 - 7. Let k(f) = f**2 + f - 1. Let g(r) = 5*k(r) - n(r). Calculate the remainder when 43 is divided by g(-3).
20
What is the remainder when 35 is divided by -3 + 12/4 + 9?
8
Suppose 0 = -3*u + 3 + 27. Calculate the remainder when 37 is divided by u.
7
Suppose -3*k + 19 = -2*z, -k = -4*z - 3 - 10. Calculate the remainder when 17 is divided by k.
2
Suppose -n + 5*n - 16 = -3*r, -5*r + 34 = 3*n. Suppose 0 = -3*d + 1 + r. What is the remainder when 28 is divided by 13 + 1 + 3/d?
13
Let g(b) = b**3 - 8*b**2 - 12*b + 5. Suppose -3*z - 25 = -8*z, 5*z + 5 = 3*k. What is the remainder when g(k) is divided by 29?
27
Let n(h) be the second derivative of h**5/20 + h**4/3 - 3*h**3/2 - 6*h**2 - 3*h. What is the remainder when 21 is divided by n(-5)?
5
Suppose -325 = -2*j + 7. Calculate the remainder when j is divided by 14.
12
Let k = -5 - -2. Let v be -2*(6/(-21) + (-186)/84). Let j = v + k. What is the remainder when 4 is divided by j?
0
Suppose -24 = 6*x - 9*x. What is the remainder when 29 is divided by x?
5
Let u(z) = -z**3 - 12*z**2 + 11*z - 2. Calculate the remainder when u(-13) is divided by 9.
6
Suppose -6*l + 3*p + 43 = -l, -l + 4*p = -12. Let m = -5 + l. Suppose -9 + 4 = -t. Calculate the remainder when t is divided by m.
2
Let x(y) = -6*y - 3. Let u(b) = -1. Let z(h) = -2*u(h) + x(h). Let s be z(-1). Suppose 0 = -0*k - s*k + 170. What is the remainder when k is divided by 12?
10
Let k be (-72)/(-10) - 14/70. Suppose 0 = i - 18 + k. What is the remainder when 43 is divided by i?
10
Let s(o) = o**3 - 8*o**2 + o - 4. Let l be s(8). Suppose 2*q - 6 - l = 0. Calculate the remainder when 17 is divided by q.
2
Let h be 6 + (-5 - -3 - 0). Suppose 5*l + 2*s - 48 = 0, -11 = -h*l + s + 30. Calculate the remainder when 19 is divided by l.
9
Let y = 52 + -23. Calculate the remainder when 115 is divided by y.
28
Let n = -7 - -3. Let a(w) = -w**3 - 2*w**2 + w. Calculate the remainder when a(-4) is divided by n/22 + (-668)/(-44).
13
Suppose 115 = 3*l + 2*l. What is the remainder when 89 is divided by l?
20
Suppose 28 = g + g. Suppose 0*y + 400 = 2*y. Suppose i - 6*i = -y. What is the remainder when i is divided by g?
12
Let r(v) = -7*v**3 - v**2 + 4*v + 1. Let d(j) = -22*j**3 - 4*j**2 + 13*j + 3. Let n(x) = -2*d(x) + 7*r(x). Calculate the remainder when n(-1) is divided by 3.
2
Suppose w - 5*y = -y + 6, 4*y + 14 = 5*w. Suppose 5*n = w*s - 39, s + 2*s - 2*n = 53. Suppose 0*m = m - s. What is the remainder when 50 is divided by m?
16
Let b(f) = f**2 - f + 15. What is the remainder when b(0) is divided by 9?
6
Calculate the remainder when 77 is divided by (104/(-20))/((-1)/5).
25
Suppose 5*c + 113 = 4*a, 2*a + 2*c - 24 = -2*c. Calculate the remainder when a is divided by 7.
1
Suppose -11*j + 9 = -134. Let s be (0 + (-59)/2)*-2. Let p = -34 + s. What is the remainder when p is divided by j?
12
Let b = -2 - -26. Calculate the remainder when b is divided by 11.
2
Let o = 2 - 0. Suppose z = l - 4 - o, 3*z + 10 = 2*l. What is the remainder when 31 is divided by l?
7
Let m = -29 - -74. Let c = m + -30. What is the remainder when 28 is divided by c?
13
Let m(r) = r**2 - 5*r - 7. What is the remainder when m(8) is divided by 11?
6
Let g(m) = 3*m**2. Let h be g(-1). Calculate the remainder when 33 is divided by 29/3 + (-2)/h.
6
Suppose 0 = -6*x + 4*x + 58. Calculate the remainder when x is divided by 16.
13
Suppose 4*p - 7 = 2*c + 15, 0 = 4*p - c - 27. Suppose 0*b + b = 3. Suppose 0 = b*o - 1 - p. Calculate the remainder when 4 is divided by o.
1
What is the remainder when 10 is divided by (54/(-9))/(-18) + 28/6?
0
Suppose -10*g - g = -286. Calculate the remainder when 128 is divided by g.
24
Let r(s) = 7*s + 4. Calculate the remainder when 51 is divided by r(2).
15
Let c = -153 - -216. Calculate the remainder when c is divided by 13.
11
Let a = 36 - 19. Suppose 3*x - 2*x = a. Let h(j) = -7*j - 4. Calculate the remainder when h(-5) is divided by x.
14
Let q = -21 - -60. What is the remainder when q is divided by 20?
19
Let o be 4 + 1/(-2)*-6. Let k = o - -8. Calculate the remainder when k is divided by 8.
7
Let f = 7 + -5. Let o(z) = z**3 - 2*z**2 + 3*z - 2. Suppose -5*l + 56 = 21. Calculate the remainder when l is divided by o(f).
3
Let v = -402 + 573. Suppose 4*i = -k - 167, 6*i + v = 2*i + 3*k. Let u = 79 + i. Calculate the remainder when u is divided by 19.
18
Let n = 17 + -12. Suppose -14 = -2*f - n*h, f - 1 = -4*h + 6. Calculate the remainder when 12 is divided by f.
5
Suppose -3*l = -3, -5*l - 8 = -4*x + 47. Suppose t - 2*t + 2 = 0. Let f(a) = 5*a - 2. What is the remainder when x is divided by f(t)?
7
Let m = 89 + 10. Suppose -9 = 3*d + m. Let g = 54 + d. What is the remainder when 52 is divided by g?
16
Suppose 0 = 4*m + 6*v - v - 63, -3*m + 5*v = -91. Let u = -7 + m. Calculate the remainder when 57 is divided by u.
12
Suppose k + 35 = 177. Calcul